alse
Is 35951 prime?
True
Is 13667 composite?
True
Is 2053 a composite number?
False
Is 241639 a prime number?
True
Is 3821 a prime number?
True
Is 25321 a composite number?
False
Is 331 prime?
True
Is 6595 composite?
True
Is 3600965 a composite number?
True
Is 16917 a prime number?
False
Is 15419 composite?
True
Is 96893 a composite number?
False
Is 2267 a prime number?
True
Is 9379 prime?
False
Is 491 a prime number?
True
Is 65323 a composite number?
False
Is 1277621 composite?
False
Is 52061 a composite number?
True
Is 227491 a composite number?
True
Is 298123 prime?
False
Is 853 a composite number?
False
Is 13081 composite?
True
Is 65203 a composite number?
False
Is 356893 a composite number?
False
Is 3163 a prime number?
True
Is 3150907 prime?
True
Is 106885 prime?
False
Is 508315 a composite number?
True
Is 23797 a composite number?
True
Is 654671 prime?
True
Is 23077 prime?
False
Is 11617 prime?
True
Is 164317 prime?
False
Is 44221 a composite number?
False
Is 4703 a prime number?
True
Is 86753 prime?
True
Is 518657 a composite number?
False
Is 1477 a prime number?
False
Is 17071 composite?
True
Is 26801 a prime number?
True
Is 14167 composite?
True
Is 780953 composite?
False
Is 346 prime?
False
Is 13749 a composite number?
True
Is 1734377 a prime number?
False
Is 9239 prime?
True
Is 799 prime?
False
Is 57061 a composite number?
True
Is 215011 a prime number?
False
Is 143449 a prime number?
False
Is 3389 composite?
False
Is 1198027 a composite number?
True
Is 22613 prime?
True
Is 735821 a composite number?
False
Is 10555 a composite number?
True
Is 368917 a composite number?
True
Is 19003 prime?
False
Is 5401 composite?
True
Is 23953 a composite number?
True
Is 641 prime?
True
Is 64433 a prime number?
True
Is 168851 prime?
True
Is 8817 prime?
False
Is 704543 a prime number?
False
Is 10537 a composite number?
True
Is 31813 a prime number?
False
Is 18943 a prime number?
False
Is 7901 composite?
False
Is 24303 a prime number?
False
Is 160729 a prime number?
False
Is 6197 a prime number?
True
Is 1399 composite?
False
Is 100069 composite?
False
Is 18267 a composite number?
True
Is 465081 a composite number?
True
Is 531763 prime?
False
Is 2817901 composite?
True
Is 18517 prime?
True
Is 628171 a prime number?
True
Is 309137 a composite number?
False
Is 28387 a composite number?
False
Is 24935 composite?
True
Is 162671 composite?
False
Is 54133 prime?
True
Is 43853 a prime number?
True
Is 78493 composite?
True
Is 203647 prime?
False
Is 1513 prime?
False
Is 720233 prime?
False
Is 1611013 composite?
True
Is 695219 prime?
False
Is 302563 composite?
False
Is 14971 a prime number?
False
Is 91441 prime?
False
Is 3369 composite?
True
Is 734147 a composite number?
True
Is 172717 a prime number?
True
Is 665843 a prime number?
True
Is 1823 composite?
False
Is 160117 a composite number?
False
Is 2181 composite?
True
Is 26903 composite?
False
Is 1450739 a prime number?
True
Is 60827 prime?
False
Is 122887 a composite number?
False
Is 3561 prime?
False
Is 19919 composite?
False
Is 26479 a composite number?
False
Is 7709 a composite number?
True
Is 251673 prime?
False
Is 198647 composite?
False
Is 291787 a prime number?
False
Is 24907 prime?
True
Is 221611 a prime number?
False
Is 68131 prime?
False
Is 2417 composite?
False
Is 27887 a prime number?
False
Is 4163 a prime number?
False
Is 363887 composite?
False
Is 322319 prime?
True
Is 719 a prime number?
True
Is 450929 a prime number?
True
Is 631 composite?
False
Is 481199 a prime number?
True
Is 3109 composite?
False
Is 70429 prime?
True
Is 2449 composite?
True
Is 58481 prime?
True
Is 86783 prime?
True
Is 1740773 a composite number?
True
Is 5513 a composite number?
True
Is 23515 a composite number?
True
Is 113 a composite number?
False
Is 13198 a composite number?
True
Is 6999 prime?
False
Is 75961 a prime number?
False
Is 112369 a composite number?
True
Is 4097 prime?
False
Is 41771 a prime number?
True
Is 112129 a composite number?
False
Is 42281 a composite number?
False
Is 140521 a prime number?
True
Is 10597 a composite number?
False
Is 43115 composite?
True
Is 29581 prime?
True
Is 8247 a prime number?
False
Is 943 a composite number?
True
Is 5639 prime?
True
Is 12197 prime?
True
Is 115795 a prime number?
False
Is 23099 a composite number?
False
Is 161193 a composite number?
True
Is 24577 a prime number?
False
Is 1541 composite?
True
Is 99887 composite?
True
Is 322297 a composite number?
True
Is 715083 prime?
False
Is 45523 prime?
True
Is 15859 a composite number?
False
Is 2128177 a prime number?
True
Is 83597 composite?
False
Is 1987 composite?
False
Is 2130965 composite?
True
Is 3263 prime?
False
Is 287173 prime?
True
Is 349226 composite?
True
Is 176941 a composite number?
True
Is 130406 a composite number?
True
Is 47371 a prime number?
False
Is 201547 composite?
False
Is 120287 a prime number?
False
Is 20621 a prime number?
False
Is 1851319 prime?
True
Is 221839 prime?
False
Is 402919 a composite number?
True
Is 74197 prime?
True
Is 3601 prime?
False
Is 2123635 prime?
False
Is 1531 composite?
False
Is 79757 composite?
False
Is 243655 prime?
False
Is 5639 a prime number?
True
Is 118793 a composite number?
True
Is 1481 a prime number?
True
Is 15427 composite?
False
Is 21059 prime?
True
Is 2993 composite?
True
Is 1529791 a prime number?
True
Is 19419 a prime number?
False
Is 1511 a composite number?
False
Is 660719 prime?
True
Is 85081 prime?
True
Is 6449 prime?
True
Is 636814 a composite number?
True
Is 12605 a prime number?
False
Is 10893 a prime number?
False
Is 1835 prime?
False
Is 54193 a composite number?
False
Is 86639 a prime number?
False
Is 73103 a prime number?
False
Is 96079 a composite number?
False
Is 21271 a composite number?
True
Is 371731 a prime number?
False
Is 473741 a prime number?
True
Is 999269 a prime number?
True
Is 1653149 prime?
True
Is 4037 a composite number?
True
Is 35671 composite?
False
Is 7607 a composite number?
False
Is 17707 composite?
False
Is 28261 composite?
True
Is 52147 a prime number?
True
Is 3433 a composite number?
False
Is 77929 prime?
True
Is 1202 a prime number?
False
Is 5033 a composite number?
True
Is 128311 a composite number?
False
Is 673063 a prime number?
True
Is 10559 composite?
False
Is 148681 composite?
True
Is 6757 a prime number?
False
Is 65005 composite?
True
Is 47087 a prime number?
True
Is 1025741 a composite number?
False
Is 1001911 a composite number?
False
Is 41011 composite?
False
Is 891553 a composite number?
True
Is 5297 a prime number?
True
Is 150607 prime?
True
Is 1537 prime?
False
Is 89437 prime?
False
Is 12367 a prime number?
False
Is 88283 prime?
False
Is 246193 prime?
True
Is 5563 a prime number?
True
Is 162553 a composite number?
False
Is 5906 composite?
True
Is 1155899 a composite number?
False
Is 8419 composite?
False
Is 2196905 a prime number?
False
Is 2761 composite?
True
Is 6119 composite?
True
Is 72014 a prime number?
False
Is 73121 composite?
False
Is 913 a composite number?
True
Is 87847 prime?
False
Is 3803 a prime number?
True
Is 223679 prime?
True
Is 76441 prime?
True
Is 293563 a prime number?
False
Is 146563 composite?
False
Is 15131 prime?
True
Is 51631 a composite number?
False
Is 457849 a composite number?
True
Is 31121 a prime number?
True
Is 116221 a prime number?
False
Is 49483 composite?
True
Is 1881047 prime?
False
Is 79711 prime?
False
Is 10687 composite?
False
Is 56915 a composite number?
True
Is 42281 a prime number?
True
Is 739433 composite?
False
Is 1799 a composite number?
True
Is 139793 prime?
False
Is 23099 composite?
False
Is 291 prime?
False
Is 873923 composite?
True
Is 15907 composite?
False
Is 24877 composite?
False
Is 5299 a prime number?
False
Is 33287 prime?
True
Is 863 composite?
False
Is 5749 a composite number?
False
Is 13151 a composite number?
False
Is 1733 prime?
True
Is 1841 prime?
False
Is 448467 composite?
True
Is 3604829 a prime number?
True
Is 35507 a composite number?
False
Is 6403 composite?
True
Is 472883 a prime number?
True
Is 23399 prime?
True
Is 44491 composite?
False
Is 12185 a prime number?
False
Is 32483 a prime number?
False
Is 36415 prime?
False
Is 45361 prime?
True
Is 599537 composite?
False
Is 353389 a prime number?
True
Is 610757 a composite number?
True
Is 2759907